1)) prime?
False
Suppose -2*b + 5 = 13. Let m(u) = -21*u - 1. Is m(b) a prime number?
True
Is (1246/4)/(11/22) a composite number?
True
Let w(b) = -2*b - 4. Let l be w(-7). Let c(x) = -2 + 7*x - x + 9. Is c(l) composite?
False
Let l be ((-216)/21)/(1/(-21)). Suppose w - 2*w + x = -63, 5*x - l = -4*w. Is w a composite number?
False
Let g = 12 - -367. Is g prime?
True
Is 6/(-4)*-212 + -1 composite?
False
Let u be -4*(2 + 26/(-8)). Suppose 0 = -4*m - 53 + u. Is 776/m*6/(-4) prime?
True
Let t(p) be the second derivative of p**5/20 - 5*p**4/4 + 3*p**2/2 - 7*p. Is t(16) a prime number?
False
Suppose 0 = -3*k + 76 + 191. Is k a prime number?
True
Let r(w) = -w - 9. Let f be r(-5). Suppose 8*k = 2*k + 12. Is f/((-8)/174) - k prime?
False
Let g(y) = y**3 - 9*y**2 - 10*y - 41. Is g(16) a composite number?
True
Let s(d) be the second derivative of d**4/12 - d**3/3 + d**2/2 + 2*d. Let l be s(2). Is (l + 1 - -75)*1 prime?
False
Suppose d = -0 + 5, -d - 335 = -4*f. Is f composite?
True
Let l = -10 - -8. Is 267/l*(-12)/18 prime?
True
Suppose -20 = 2*p - 7*p. Suppose -2*v - 4*i = -6, -4*v + p*i + 9 = -3*v. Suppose 3*c - v*r - 159 = 0, -53 = -c + 4*r - r. Is c a composite number?
False
Let q = 0 + 5. Suppose 4*l + 3*p - 66 = 0, q*p - 26 = -3*l + l. Suppose 2*g = l + 20. Is g a prime number?
True
Let a = -197 + 332. Let t = 49 + -110. Let u = t + a. Is u composite?
True
Suppose 5*a - 2*r = -0*r + 8003, -a - 5*r = -1606. Is a a prime number?
True
Suppose -f - 2 = -7. Suppose f*v + 287 = 3*c, 0 = c - 3*v - 95 - 6. Is c composite?
False
Let f = 231 - -26. Is f composite?
False
Let z(m) be the second derivative of -m**4/12 - m**3/2 + 2*m**2 - 2*m. Let q be z(-8). Let d = 94 + q. Is d composite?
True
Let f(o) be the first derivative of o**4/4 - 2*o**3/3 - 3*o**2/2 + 4*o - 1. Let q be f(3). Suppose 70 = q*n + n. Is n prime?
False
Let o(k) = k**3 + 4*k**2 - 4*k - 1. Let i be o(-5). Let q(j) = 8*j - 37. Let r(w) = -2*w + 9. Let u(y) = 2*q(y) + 9*r(y). Is u(i) composite?
False
Let d(o) = -2*o - 7. Let b be d(-5). Suppose 117 = 3*r + 3*g, 0 = -r + b*g + 3 + 28. Is r prime?
True
Suppose 0*b = -4*b - 16. Is b/2 + 1*53 a composite number?
True
Let w = -19 + 10. Let v be 1 + 3/w*-3. Let x = 11 - v. Is x a prime number?
False
Let x(l) = l**3 + 3*l**2 - 2*l + 3. Let p be x(-3). Suppose s - 4*s = -p. Suppose -s*w - 162 = -5*u, -2*w = -2*u - w + 65. Is u a prime number?
False
Let t = 67 + -44. Suppose -6*x + 2*p + 161 = -x, 0 = x - 5*p - t. Is x composite?
True
Let v(d) = -d. Let t be v(2). Let a be t/8 + 42/8. Suppose a*q - 354 = -89. Is q prime?
True
Let w = 367 + 660. Is w prime?
False
Let z(a) = a**3 + 3*a**2 - 2. Let u be z(-2). Suppose u*k = 295 + 27. Is k a composite number?
True
Suppose 0 = -a - 3*a - 24. Let q = a + 4. Is 110/25 - q/(-5) a composite number?
True
Is (-21)/(-14)*1348/6 a composite number?
False
Suppose 4*a - 39 = -3*o - 4, 2*a - 2*o = 0. Suppose -4*v - k - k + 1620 = 0, a*v = k + 2011. Is v a composite number?
True
Let q = 4 + 0. Suppose 9*x = q*x + 1005. Is x composite?
True
Let l = 1 + -11. Let a = l + 21. Is a composite?
False
Let g be (-2)/(-6) - (-929)/3. Suppose g = -c + 3*c. Is c a composite number?
True
Suppose -4*i + 0*g + 4*g = -32, -4*i - 5*g + 50 = 0. Is i a composite number?
True
Let m = 11 - 2. Let d(c) = c**2 + 13*c - 13. Is d(m) a composite number?
True
Suppose -4*j + 3*j + 37 = 0. Is j a composite number?
False
Let v be (6/4)/((-2)/(-4)). Suppose 3*j = -2*g + 8, -4*g + v*g = -5*j + 9. Suppose j*m - 111 - 23 = 0. Is m prime?
True
Suppose -n - 5*b + 2 = 0, -4*n - 2 = -5*n + 4*b. Suppose n*u - 4 = -z, -2*u = 2*z + 3*u - 13. Is 2/((z/(-267))/1) composite?
False
Let b = -7 - -25. Let m = b - -35. Is m a prime number?
True
Let c(p) = -3*p - 4. Let a be c(-4). Suppose -z + 9 = 2*z, -f + a = z. Suppose -f*d = 3*t - 75, -108 = -5*t - 3*d + 17. Is t composite?
True
Suppose 0 = -4*h + h + 30. Suppose m = -i + 18, -2*i + h = -4*m - 14. Is (i + -6)/((-2)/(-7)) prime?
False
Let d be ((-344)/20)/((-1)/35). Suppose 4*z = d - 158. Is z a composite number?
True
Suppose 0 = 3*b - 5*c - 1751, -5*b - 3*c = -b - 2354. Is b composite?
False
Let g be ((-4)/6)/(2/(-6)). Let n(f) = 3 - 1 + 4*f + f**g - 3. Is n(-5) composite?
True
Let k(y) = 1 + 0 - 2 + 201*y. Is k(2) a composite number?
False
Let t = 800 + -39. Is t a composite number?
False
Let f(i) = -i**2 - 3*i + 3. Let u be f(-3). Let p be (3/2)/(u/4). Suppose b - 21 = -4*l - 3, 4*b - 36 = p*l. Is b a prime number?
False
Suppose 5387 = 5*u - 3278. Is u a composite number?
False
Let b = -228 + 347. Is b composite?
True
Let o(s) = -4*s + 8. Let f be o(7). Let j be (-8)/f + (-16)/(-10). Suppose j*c = -3*i + 157, 6*i = 2*c + 3*i - 151. Is c prime?
False
Let r be (-277)/(-5) - (-2)/(-5). Let x be ((-3)/9)/(1/(-15)). Suppose 10 = 2*j, -2*h + x*j - r = -7*h. Is h a prime number?
False
Let c(k) = 16*k**2 - 22*k - 7. Is c(7) prime?
False
Suppose -5*u - 12 = -3*u. Let k(a) = -a**3 + 2*a**2 + 9*a + 3. Is k(u) prime?
False
Let h be (1 + -1)/(-3 - -5). Suppose h*x + 5*r = 4*x - 101, 5*x + 4*r = 75. Is x a composite number?
False
Let t = -1067 + 1686. Is t a prime number?
True
Suppose 65 = -2*o - 3*o. Let i be 9/(-15) - o/5. Suppose 3*x - 21 = i*x. Is x prime?
False
Suppose -h + 2*k = -10, -2*h - 3*k + 10 = -5*k. Let w = -1 - h. Is (-145)/(-15) - w/3 prime?
False
Let k(y) = -650*y**3 - 2*y - 3. Is k(-1) a composite number?
True
Let c(a) = -68*a - 7. Is c(-7) a composite number?
True
Suppose -5*q + 2*x + 2 = -270, 0 = -2*q - 4*x + 128. Let n = -31 + q. Is n a composite number?
True
Let v(y) = 14*y + 5. Is v(13) composite?
True
Let x(d) = -d**2 - d - 1. Let f(o) = -2*o**2 - 2*o + 3. Let n(m) = -f(m) + x(m). Let k be n(7). Suppose -3*q + 59 = -k. Is q a composite number?
False
Let g(k) be the first derivative of -3*k**4 - k**3 - 2*k**2 - 3*k + 3. Is g(-2) prime?
True
Let j(a) = a**2 + 6*a + 7. Suppose 4*r = -r + 10. Let g be 1 - r - (-1 - -9). Is j(g) composite?
True
Let n(f) = 26*f**2 - 4*f - 1. Let p be n(-3). Suppose 2*w - 7*w = -p. Is w a prime number?
False
Let n = 899 - 188. Suppose -15 = 3*r, -3*c - r = c - n. Is c a composite number?
False
Let g(s) = -s**3 + 3*s + 2. Let m be g(-2). Is m/18 - (-5702)/18 prime?
True
Let p(u) = 20*u - 3. Let k be p(8). Suppose -k = -3*a + 74. Is a a composite number?
True
Let h be (2*3)/(3/(-4)). Let q be (-3 + 1)*-1 + 9. Let n = q - h. Is n prime?
True
Suppose 3 = -2*a + 23. Let n(o) = o**3 + 3*o**2 - 7*o**2 - o - a*o + 7. Is n(7) composite?
True
Is -3*12/18 - -1159 a composite number?
True
Let t(y) = 4*y**2 + 8*y - 3. Is t(8) composite?
False
Let k be 0 - -266 - (-4)/2. Suppose 3*l = k - 67. Is l composite?
False
Let g(v) = 2 - 5*v - 2. Let f(u) = u**3 + 4*u**2 + 2*u + 1. Let j be f(-4). Is g(j) a composite number?
True
Let c be 6/12 + (-14)/(-4). Is (-2)/c*(-293 + -5) a composite number?
False
Suppose -2*j + 4*j + 2*h = 92, 4*h = 5*j - 203. Suppose 8 = s - j. Is s composite?
True
Suppose -u + 11 = 3*n + n, 3*n - u - 17 = 0. Suppose n*x - 425 = -x. Is x prime?
False
Let z(y) = -4*y**2 + 2*y + 1. Let b be z(-1). Suppose -f - 9 = 2*p, -f - 2*f - 17 = p. Let u = p - b. Is u a composite number?
False
Suppose 0*b + 2*b = 8. Is 33 - -5*b/(-10) composite?
False
Let q(o) be the first derivative of 3*o**3 + o**2 + 4*o + 6. Is q(-3) a prime number?
True
Let a(o) = 24*o**2 + 8*o + 6. Let i be a(-7). Is 4/(-6) - i/(-6) a composite number?
True
Let r = -1 + 1. Suppose 4*q = -r*q + 316. Is q prime?
True
Suppose -3*k - 29 = -338. Is k composite?
False
Suppose -4*j + 341 - 30 = u, 0 = -5*j + 5*u + 420. Is j composite?
False
Is 10/(-5) + 0 + 143 a composite number?
True
Let o = 56 - 40. Let i be -3 + (-3)/(-6)*o. Suppose -i*g + 652 - 207 = 0. Is g prime?
True
Let m = 227 + -25. Is m a composite number?
True
Suppose 0 = 5*u - 233 - 82. Suppose -3*c = -7*c. Suppose -u = -3*v - c*v. Is v a prime number?
False
Let d = 914 - 607. Is d prime?
True
Let c be 64 - (2/(-2) + -2). Suppose -4*x = 459 - c. Let y = x + 187. Is y a prime number?
True
Let s(n) = -24*n**2 - 1. Let m be s(-1). Let r = m - -50. Is r prime?
False
Suppose 5*a + 3854 = 7*a. Is a prime?
False
Suppose 0 = -8*h - 0*h + 176. Is h a prime number?
False
Let c = 448 - 309. Is c composite?
False
Is 6/30 - 254/(-5) prime?
False
Suppose -3*h + 6